0
In base 11, what is -4 + -72421?
-72425
In base 12, what is -b1 - 4374?
-4465
In base 4, what is -212 - 11122133?
-11123011
In base 9, what is 6845 - -3?
6848
In base 2, what is 100000 - 100111010101111101?
-100111010101011101
In base 8, what is -134616 + 3?
-134613
In base 6, what is 10102 + -310?
5352
In base 2, what is 1000100111001 + -1110?
1000100101011
In base 12, what is 5 - 96a3?
-969a
In base 2, what is -100100101011110010 - 1?
-100100101011110011
In base 12, what is -545b1 - 28?
-54619
In base 6, what is 2 - 1453200?
-1453154
In base 6, what is -342 - -451?
105
In base 12, what is -602 + 14?
-5aa
In base 9, what is 582445 + 1?
582446
In base 14, what is db8 - 4?
db4
In base 6, what is 4533 - 22?
4511
In base 5, what is 2420 + -12?
2403
In base 16, what is -1813b + 0?
-1813b
In base 14, what is 1 + -1868?
-1867
In base 14, what is -5c149 - -1?
-5c148
In base 5, what is 3123 + -204?
2414
In base 4, what is 333 - -203?
1202
In base 7, what is -5 - 220462?
-220500
In base 6, what is 254 - 22334?
-22040
In base 11, what is -4 - -3286?
3282
In base 8, what is -26 - 676?
-724
In base 8, what is -11 + 7742?
7731
In base 3, what is 10002 - -2100112012?
2100122021
In base 8, what is 402472 + -2?
402470
In base 16, what is -7 - -8dd1?
8dca
In base 7, what is 1301 - 51?
1220
In base 4, what is 11333 + -322?
11011
In base 8, what is 27 + -16674?
-16645
In base 15, what is -2ae0da - -1?
-2ae0d9
In base 8, what is -264602 - 11?
-264613
In base 16, what is 83 + -16?
6d
In base 5, what is 23403231 + 23?
23403304
In base 12, what is -1 + -5a8918?
-5a8919
In base 7, what is -365 + 320?
-45
In base 14, what is 2ac - 517?
-249
In base 3, what is 2 + -1220112102?
-1220112100
In base 11, what is -10804 - 1a?
-10823
In base 15, what is -3c75b - -8?
-3c753
In base 10, what is 2824 + 4?
2828
In base 9, what is -6 - -23682?
23675
In base 6, what is -202433555 + 2?
-202433553
In base 4, what is -3 + 1002210?
1002201
In base 8, what is 43 - -5144?
5207
In base 3, what is -12001 - 11220011?
-12002012
In base 6, what is 2111 - 150?
1521
In base 8, what is 4 - 3556115?
-3556111
In base 10, what is -1 - 89991?
-89992
In base 14, what is -375d - a?
-3769
In base 15, what is -5 - -dbc5?
dbc0
In base 2, what is -10000100011100 - 10?
-10000100011110
In base 6, what is 2314 - -3?
2321
In base 6, what is 11 + 205441?
205452
In base 3, what is 21201 - -220?
22121
In base 15, what is -3 - 22a7?
-22aa
In base 8, what is -1 + -1434444?
-1434445
In base 6, what is 4 + -5425?
-5421
In base 16, what is -5 - c813?
-c818
In base 3, what is 1 + 200222121101?
200222121102
In base 13, what is -3 + 1a7b?
1a78
In base 11, what is -1 + 3732?
3731
In base 13, what is 1 - -38a6?
38a7
In base 16, what is -5e38 + -8?
-5e40
In base 6, what is 4 - -135520?
135524
In base 4, what is 30203 + 1020?
31223
In base 12, what is 3b + -6b1?
-672
In base 8, what is -15610 + 172?
-15416
In base 2, what is 10 - 1001101000010111?
-1001101000010101
In base 5, what is -13203 + 31?
-13122
In base 4, what is 221 - 33121233?
-33121012
In base 14, what is -4 + -31d8?
-31dc
In base 16, what is 6 - d39?
-d33
In base 16, what is 480 - -37b?
7fb
In base 9, what is -5 + 40655?
40650
In base 9, what is -228 + 512?
273
In base 14, what is 2d - 689a?
-686b
In base 15, what is -43d7 - 168?
-4550
In base 8, what is -1472 + -1360?
-3052
In base 9, what is -572 + -604?
-1276
In base 4, what is 10111003222 + -3?
10111003213
In base 2, what is 1 + 111110000?
111110001
In base 9, what is 14 - -2360?
2374
In base 8, what is -132 + -556?
-710
In base 13, what is -4 + -130605?
-130609
In base 8, what is 5 + -364203?
-364176
In base 16, what is -2b11 - 29?
-2b3a
In base 13, what is 79 + -173?
-c7
In base 12, what is 0 - -2b77?
2b77
In base 10, what is 1283 + 555?
1838
In base 3, what is 10202102112 + 1?
10202102120
In base 9, what is 3447 + 13?
3461
In base 10, what is -6802 - -3?
-6799
In base 4, what is 11 - -10010203203?
10010203220
In base 10, what is -106 - 26845?
-26951
In base 7, what is 6110043 - 1?
6110042
In base 15, what is -c11c3 - -1?
-c11c2
In base 2, what is -1111010 - -1001101010?
111110000
In base 6, what is -551 - 54?
-1045
In base 6, what is 34325104 - -5?
34325113
In base 14, what is -c - a6?
-b4
In base 14, what is -1b + -148?
-165
In base 8, what is -5553554 + -2?
-5553556
In base 13, what is 319 + -62?
287
In base 16, what is 1913 - -c?
191f
In base 14, what is 41da7 + 39?
42002
In base 8, what is -104011 - 0?
-104011
In base 8, what is -5152 - 2?
-5154
In base 4, what is 331122 - -1?
331123
In base 13, what is -1111 + -26a?
-137b
In base 13, what is -3889 + 29?
-3860
In base 6, what is -14223323 + -4?
-14223331
In base 5, what is -3 + 430240404?
430240401
In base 15, what is -c + 2e8e?
2e82
In base 4, what is 30 - -1300?
1330
In base 6, what is -245 + 1553?
1304
In base 7, what is -3 + 20156?
20153
In base 16, what is 4 - 6f86e?
-6f86a
In base 7, what is 433416 - 1?
433415
In base 6, what is 2240502 - 5?
2240453
In base 7, what is 15 - 4516?
-4501
In base 3, what is -1010110 + -120211?
-1201021
In base 3, what is -1000101202 - 12?
-1000101221
In base 6, what is 20 + 403112?
403132
In base 2, what is 1000 - -1011100000?
1011101000
In base 5, what is 1 - -13141430?
13141431
In base 4, what is 31 + -203001210?
-203001113
In base 9, what is 7387 + 13?
7411
In base 6, what is -21423022 + 5?
-21423013
In base 14, what is -c526 - -17?
-c50d
In base 8, what is -21522 - -15?
-21505
In base 16, what is 27 - -f0d?
f34
In base 8, what is -503507 - 4?
-503513
In base 12, what is 54 + 412?
466
In base 3, what is -1201011111212 - 0?
-1201011111212
In base 10, what is 3 + 46957?
46960
In base 2, what is 1001110101011010101 - 1?
1001110101011010100
In base 3, what is -20110101 + 11?
-20110020
In base 14, what is -3 - 81801?
-81804
In base 4, what is 32 - -22012?
22110
In base 15, what is c1a3d - 4?
c1a39
In base 5, what is 3141213 - 4?
3141204
In base 3, what is -1222221 + -211?
-2000202
In base 5, what is 2 + -111310?
-111303
In base 9, what is 16 + 1751?
1767
In base 11, what is -12325 - 5?
-1232a
In base 11, what is 8168 - 12?
8156
In base 2, what is -10 + -11000000011011110101?
-11000000011011110111
In base 10, what is -89 + -662?
-751
In base 11, what is 1029 + 60?
1089
In base 4, what is 202123 + -3112?
133011
In base 6, what is -2553132 - -5?
-2553123
In base 5, what is 42 - 413?
-321
In base 4, what is -12103 + -111?
-12220
In base 8, what is -123 - 20336?
-20461
In base 12, what is -b144 - 2?
-b146
In base 7, what is -1 + -32604?
-32605
In base 2, what is -11111001110011000 + 10?
-11111001110010110
In base 9, what is 1455 - -7?
1463
In base 11, what is 2aa3 + 20?
3013
In base 12, what is 3b1 - -205?
5b6
In base 13, what is -b3 + 59b3?
5900
In base 14, what is 225 - -24c?
473
In base 12, what is 97 + 540?
617
In base 16, what is c + 6e2b4?
6e2c0
In base 11, what is -212525 + -2?
-212527
In base 14, what is 3 + -75a7b?
-75a78
In base 15, what is 380 - 3?
37c
In base 16, what is -147 + 3748?
3601
In base 13, what is 0 - a217?
-a217
In base 5, what is 231044 + 120?
231214
In base 4, what is 303 + -3232111?
-3231202
In base 8, what is -5 - 211730?
-211735
In base 10, what is 2313 + -8?
2305
In base 5, what is -2 + 341122244?
341122242
In base 3, what is 12 - 1012010110?
-1012010021
In base 11, what is 857a79 + 4?
857a82
In base 4, what is -1 - 20322330?
-20322331
In base 5, what is 130 + -311341?
-311211
In base 12, what is -b6 - -17a?
84
In base 10, what is -2 + 32537?
32535
In base 16, what is -4543 + -a?
-454d
In base 8, what is -14 - 31211?
-31225
In base 10, what is 234010 - -4?
234014
In base 12, what is 7 - -1454b?
14556
In base 11, what is -11 - -8963?
8952
In base 15, what is ca - b5da?
-b510
In base 10, what is 2 + -55707?
-55705
In base 16, what is -1 - -4f2e?
4f2d
In base 4, what is 10003330103 + -1?
10003330102
In base 2, what is -101 + 110010001100111?
110010001100010
In base 2, what is -1000100101 - -110011011?
-10001010
In base 2, what is 1011010 - 100111101?
-11100011
In base 15, what is 7 + 9b33?
9b3a
In base 4, what is 102 + 1101?
1203
In base 3, what is 0 - 1001202101001?
-1001202101001
In base 11, what is a5995 + 0?
a5995
In base 6, what is -35 - -133?
54
In base 3, what is -1012 - 111022202